{"id":7071,"date":"2015-08-19T05:58:58","date_gmt":"2015-08-19T02:58:58","guid":{"rendered":"http:\/\/www.kagitvs.com\/projedenizi\/?page_id=7071"},"modified":"2015-08-19T06:05:52","modified_gmt":"2015-08-19T03:05:52","slug":"leyla-arsan-paylasimlari","status":"publish","type":"page","link":"https:\/\/www.kagitvs.com\/projedenizi\/leyla-arsan-paylasimlari\/","title":{"rendered":"Leyla Arsan Payla\u015f\u0131mlar\u0131"},"content":{"rendered":"\n<style type=\"text\/css\" data-created_by=\"avia_inline_auto\" id=\"style-css-av-av_four_fifth-352b07ef7d3bc99b2e9f92e7a9e06bdb\">\n.flex_column.av-av_four_fifth-352b07ef7d3bc99b2e9f92e7a9e06bdb{\nborder-radius:0px 0px 0px 0px;\npadding:0px 0px 0px 0px;\n}\n<\/style>\n<div  class='flex_column av-av_four_fifth-352b07ef7d3bc99b2e9f92e7a9e06bdb av_four_fifth  avia-builder-el-0  el_before_av_one_fifth  avia-builder-el-first  first flex_column_div av-zero-column-padding  '     ><style type=\"text\/css\" data-created_by=\"avia_inline_auto\" id=\"style-css-av-av_heading-83f6633b8350b42e4a3f049e54969892\">\n#top .av-special-heading.av-av_heading-83f6633b8350b42e4a3f049e54969892{\npadding-bottom:20px;\ncolor:#5d1e91;\n}\nbody .av-special-heading.av-av_heading-83f6633b8350b42e4a3f049e54969892 .av-special-heading-tag .heading-char{\nfont-size:25px;\n}\n.av-special-heading.av-av_heading-83f6633b8350b42e4a3f049e54969892 .special-heading-inner-border{\nborder-color:#5d1e91;\n}\n.av-special-heading.av-av_heading-83f6633b8350b42e4a3f049e54969892 .av-subheading{\nfont-size:15px;\n}\n<\/style>\n<div  class='av-special-heading av-av_heading-83f6633b8350b42e4a3f049e54969892 av-special-heading-h2 custom-color-heading  avia-builder-el-1  avia-builder-el-no-sibling '><h2 class='av-special-heading-tag '  itemprop=\"headline\"  >Leyla Arsan Payla\u015f\u0131mlar\u0131<\/h2><div class=\"special-heading-border\"><div class=\"special-heading-inner-border\"><\/div><\/div><\/div><\/div>\n<style type=\"text\/css\" data-created_by=\"avia_inline_auto\" id=\"style-css-av-av_one_fifth-2a64de42b738552fe666ca889af77e28\">\n.flex_column.av-av_one_fifth-2a64de42b738552fe666ca889af77e28{\nborder-radius:0px 0px 0px 0px;\npadding:0px 0px 0px 0px;\n}\n<\/style>\n<div  class='flex_column av-av_one_fifth-2a64de42b738552fe666ca889af77e28 av_one_fifth  avia-builder-el-2  el_after_av_four_fifth  el_before_av_hr  flex_column_div av-zero-column-padding  '     ><style type=\"text\/css\" data-created_by=\"avia_inline_auto\" id=\"style-css-av-av_image-1b65812b1a9060652d898c126bc479ad\">\n.avia-image-container.av-av_image-1b65812b1a9060652d898c126bc479ad img.avia_image{\nbox-shadow:none;\n}\n.avia-image-container.av-av_image-1b65812b1a9060652d898c126bc479ad .av-image-caption-overlay-center{\ncolor:#ffffff;\n}\n<\/style>\n<div  class='avia-image-container av-av_image-1b65812b1a9060652d898c126bc479ad av-styling- avia-align-center  avia-builder-el-3  avia-builder-el-no-sibling '   itemprop=\"image\" itemscope=\"itemscope\" itemtype=\"https:\/\/schema.org\/ImageObject\" ><div class=\"avia-image-container-inner\"><div class=\"avia-image-overlay-wrap\"><img decoding=\"async\" fetchpriority=\"high\" class='wp-image-4007 avia-img-lazy-loading-not-4007 avia_image ' src=\"https:\/\/i0.wp.com\/www.kagitvs.com\/projedenizi\/wp-content\/uploads\/2015\/07\/leylaportre.jpg?resize=180%2C180&ssl=1\" alt='' title='Leyla Arsan'  height=\"180\" width=\"180\"  itemprop=\"thumbnailUrl\" srcset=\"https:\/\/i0.wp.com\/www.kagitvs.com\/projedenizi\/wp-content\/uploads\/2015\/07\/leylaportre.jpg?resize=80%2C80&amp;ssl=1 80w, https:\/\/i0.wp.com\/www.kagitvs.com\/projedenizi\/wp-content\/uploads\/2015\/07\/leylaportre.jpg?resize=36%2C36&amp;ssl=1 36w, https:\/\/i0.wp.com\/www.kagitvs.com\/projedenizi\/wp-content\/uploads\/2015\/07\/leylaportre.jpg?resize=180%2C180&amp;ssl=1 180w, https:\/\/i0.wp.com\/www.kagitvs.com\/projedenizi\/wp-content\/uploads\/2015\/07\/leylaportre.jpg?resize=120%2C120&amp;ssl=1 120w, https:\/\/i0.wp.com\/www.kagitvs.com\/projedenizi\/wp-content\/uploads\/2015\/07\/leylaportre.jpg?resize=450%2C450&amp;ssl=1 450w, https:\/\/i0.wp.com\/www.kagitvs.com\/projedenizi\/wp-content\/uploads\/2015\/07\/leylaportre.jpg?zoom=2&amp;resize=180%2C180&amp;ssl=1 360w, https:\/\/i0.wp.com\/www.kagitvs.com\/projedenizi\/wp-content\/uploads\/2015\/07\/leylaportre.jpg?zoom=3&amp;resize=180%2C180&amp;ssl=1 540w\" sizes=\"(max-width: 180px) 100vw, 180px\" \/><\/div><\/div><\/div><\/div>\n<style type=\"text\/css\" data-created_by=\"avia_inline_auto\" id=\"style-css-av-av_hr-0688d0b0b6ed2f8b057db7a8270206df\">\n#top .hr.hr-invisible.av-av_hr-0688d0b0b6ed2f8b057db7a8270206df{\nheight:50px;\n}\n<\/style>\n<div  class='hr av-av_hr-0688d0b0b6ed2f8b057db7a8270206df hr-invisible  avia-builder-el-4  el_after_av_one_fifth  el_before_av_textblock '><span class='hr-inner '><span class=\"hr-inner-style\"><\/span><\/span><\/div><\/p>\n<section  class='av_textblock_section av-av_textblock-0366cc7376be6c9e82a3e9cc8987b64f '   itemscope=\"itemscope\" itemtype=\"https:\/\/schema.org\/CreativeWork\" ><div class='avia_textblock'  itemprop=\"text\" ><p><strong>[userpro template=postsbyuser user=LeylaArsan postsbyuser_num=30]<\/strong><\/p>\n<\/div><\/section>\n","protected":false},"excerpt":{"rendered":"","protected":false},"author":1,"featured_media":0,"parent":0,"menu_order":0,"comment_status":"closed","ping_status":"closed","template":"","meta":{"jetpack_post_was_ever_published":false,"footnotes":""},"class_list":["post-7071","page","type-page","status-publish","hentry"],"yoast_head":"<!-- This site is optimized with the Yoast SEO plugin v27.2 - https:\/\/yoast.com\/product\/yoast-seo-wordpress\/ -->\n<title>Leyla Arsan Payla\u015f\u0131mlar\u0131 - Projedenizi<\/title>\n<meta name=\"robots\" content=\"index, follow, max-snippet:-1, max-image-preview:large, max-video-preview:-1\" \/>\n<link rel=\"canonical\" href=\"https:\/\/www.kagitvs.com\/projedenizi\/leyla-arsan-paylasimlari\/\" \/>\n<meta property=\"og:locale\" content=\"tr_TR\" \/>\n<meta property=\"og:type\" content=\"article\" \/>\n<meta property=\"og:title\" content=\"Leyla Arsan Payla\u015f\u0131mlar\u0131 - Projedenizi\" \/>\n<meta property=\"og:url\" content=\"https:\/\/www.kagitvs.com\/projedenizi\/leyla-arsan-paylasimlari\/\" \/>\n<meta property=\"og:site_name\" content=\"Projedenizi\" \/>\n<meta property=\"article:modified_time\" content=\"2015-08-19T03:05:52+00:00\" \/>\n<meta name=\"twitter:card\" content=\"summary_large_image\" \/>\n<meta name=\"twitter:label1\" content=\"Tahmini okuma s\u00fcresi\" \/>\n\t<meta name=\"twitter:data1\" content=\"1 dakika\" \/>\n<script type=\"application\/ld+json\" class=\"yoast-schema-graph\">{\"@context\":\"https:\/\/schema.org\",\"@graph\":[{\"@type\":\"WebPage\",\"@id\":\"https:\/\/www.kagitvs.com\/projedenizi\/leyla-arsan-paylasimlari\/\",\"url\":\"https:\/\/www.kagitvs.com\/projedenizi\/leyla-arsan-paylasimlari\/\",\"name\":\"Leyla Arsan Payla\u015f\u0131mlar\u0131 - Projedenizi\",\"isPartOf\":{\"@id\":\"https:\/\/www.kagitvs.com\/projedenizi\/#website\"},\"datePublished\":\"2015-08-19T02:58:58+00:00\",\"dateModified\":\"2015-08-19T03:05:52+00:00\",\"breadcrumb\":{\"@id\":\"https:\/\/www.kagitvs.com\/projedenizi\/leyla-arsan-paylasimlari\/#breadcrumb\"},\"inLanguage\":\"tr\",\"potentialAction\":[{\"@type\":\"ReadAction\",\"target\":[\"https:\/\/www.kagitvs.com\/projedenizi\/leyla-arsan-paylasimlari\/\"]}]},{\"@type\":\"BreadcrumbList\",\"@id\":\"https:\/\/www.kagitvs.com\/projedenizi\/leyla-arsan-paylasimlari\/#breadcrumb\",\"itemListElement\":[{\"@type\":\"ListItem\",\"position\":1,\"name\":\"Ana Sayfa\",\"item\":\"https:\/\/www.kagitvs.com\/projedenizi\/kagit-vs-projedenizi\/\"},{\"@type\":\"ListItem\",\"position\":2,\"name\":\"Leyla Arsan Payla\u015f\u0131mlar\u0131\"}]},{\"@type\":\"WebSite\",\"@id\":\"https:\/\/www.kagitvs.com\/projedenizi\/#website\",\"url\":\"https:\/\/www.kagitvs.com\/projedenizi\/\",\"name\":\"Projedenizi\",\"description\":\"Proje ve Aktivite Payla\u015f\u0131m Sitesi\",\"potentialAction\":[{\"@type\":\"SearchAction\",\"target\":{\"@type\":\"EntryPoint\",\"urlTemplate\":\"https:\/\/www.kagitvs.com\/projedenizi\/?s={search_term_string}\"},\"query-input\":{\"@type\":\"PropertyValueSpecification\",\"valueRequired\":true,\"valueName\":\"search_term_string\"}}],\"inLanguage\":\"tr\"}]}<\/script>\n<!-- \/ Yoast SEO plugin. -->","yoast_head_json":{"title":"Leyla Arsan Payla\u015f\u0131mlar\u0131 - Projedenizi","robots":{"index":"index","follow":"follow","max-snippet":"max-snippet:-1","max-image-preview":"max-image-preview:large","max-video-preview":"max-video-preview:-1"},"canonical":"https:\/\/www.kagitvs.com\/projedenizi\/leyla-arsan-paylasimlari\/","og_locale":"tr_TR","og_type":"article","og_title":"Leyla Arsan Payla\u015f\u0131mlar\u0131 - Projedenizi","og_url":"https:\/\/www.kagitvs.com\/projedenizi\/leyla-arsan-paylasimlari\/","og_site_name":"Projedenizi","article_modified_time":"2015-08-19T03:05:52+00:00","twitter_card":"summary_large_image","twitter_misc":{"Tahmini okuma s\u00fcresi":"1 dakika"},"schema":{"@context":"https:\/\/schema.org","@graph":[{"@type":"WebPage","@id":"https:\/\/www.kagitvs.com\/projedenizi\/leyla-arsan-paylasimlari\/","url":"https:\/\/www.kagitvs.com\/projedenizi\/leyla-arsan-paylasimlari\/","name":"Leyla Arsan Payla\u015f\u0131mlar\u0131 - Projedenizi","isPartOf":{"@id":"https:\/\/www.kagitvs.com\/projedenizi\/#website"},"datePublished":"2015-08-19T02:58:58+00:00","dateModified":"2015-08-19T03:05:52+00:00","breadcrumb":{"@id":"https:\/\/www.kagitvs.com\/projedenizi\/leyla-arsan-paylasimlari\/#breadcrumb"},"inLanguage":"tr","potentialAction":[{"@type":"ReadAction","target":["https:\/\/www.kagitvs.com\/projedenizi\/leyla-arsan-paylasimlari\/"]}]},{"@type":"BreadcrumbList","@id":"https:\/\/www.kagitvs.com\/projedenizi\/leyla-arsan-paylasimlari\/#breadcrumb","itemListElement":[{"@type":"ListItem","position":1,"name":"Ana Sayfa","item":"https:\/\/www.kagitvs.com\/projedenizi\/kagit-vs-projedenizi\/"},{"@type":"ListItem","position":2,"name":"Leyla Arsan Payla\u015f\u0131mlar\u0131"}]},{"@type":"WebSite","@id":"https:\/\/www.kagitvs.com\/projedenizi\/#website","url":"https:\/\/www.kagitvs.com\/projedenizi\/","name":"Projedenizi","description":"Proje ve Aktivite Payla\u015f\u0131m Sitesi","potentialAction":[{"@type":"SearchAction","target":{"@type":"EntryPoint","urlTemplate":"https:\/\/www.kagitvs.com\/projedenizi\/?s={search_term_string}"},"query-input":{"@type":"PropertyValueSpecification","valueRequired":true,"valueName":"search_term_string"}}],"inLanguage":"tr"}]}},"jetpack_sharing_enabled":true,"jetpack_shortlink":"https:\/\/wp.me\/P6uOsd-1Q3","jetpack-related-posts":[{"id":7077,"url":"https:\/\/www.kagitvs.com\/projedenizi\/deniz-arsan-paylasimlari\/","url_meta":{"origin":7071,"position":0},"title":"Deniz Arsan Payla\u015f\u0131mlar\u0131","author":"Deniz Arsan","date":"19 A\u011fustos 2015","format":false,"excerpt":"","rel":"","context":"Benzer yaz\u0131","block_context":{"text":"Benzer yaz\u0131","link":""},"img":{"alt_text":"","src":"","width":0,"height":0},"classes":[]},{"id":7079,"url":"https:\/\/www.kagitvs.com\/projedenizi\/idil-arsan-paylasimlari\/","url_meta":{"origin":7071,"position":1},"title":"\u0130dil Arsan Payla\u015f\u0131mlar\u0131","author":"Deniz Arsan","date":"19 A\u011fustos 2015","format":false,"excerpt":"","rel":"","context":"Benzer yaz\u0131","block_context":{"text":"Benzer yaz\u0131","link":""},"img":{"alt_text":"","src":"","width":0,"height":0},"classes":[]},{"id":5051,"url":"https:\/\/www.kagitvs.com\/projedenizi\/blog_kardesligi\/","url_meta":{"origin":7071,"position":2},"title":"Blog Karde\u015fli\u011fi","author":"Deniz Arsan","date":"4 A\u011fustos 2015","format":false,"excerpt":"","rel":"","context":"Benzer yaz\u0131","block_context":{"text":"Benzer yaz\u0131","link":""},"img":{"alt_text":"","src":"","width":0,"height":0},"classes":[]},{"id":11308,"url":"https:\/\/www.kagitvs.com\/projedenizi\/","url_meta":{"origin":7071,"position":3},"title":"Ka\u011f\u0131t vs. Projedenizi, Etkinlik ve Faaliyet Payla\u015f\u0131m\u0131","author":"Deniz Arsan","date":"12 A\u011fustos 2019","format":false,"excerpt":"","rel":"","context":"Benzer yaz\u0131","block_context":{"text":"Benzer yaz\u0131","link":""},"img":{"alt_text":"","src":"https:\/\/i0.wp.com\/www.kagitvs.com\/projedenizi\/wp-content\/uploads\/2020\/09\/AboneOlKVS-300x200.gif?resize=350%2C200&ssl=1","width":350,"height":200},"classes":[]},{"id":6505,"url":"https:\/\/www.kagitvs.com\/projedenizi\/kagit-vs-projedenizi-kullanim-sartlari\/","url_meta":{"origin":7071,"position":4},"title":"Ka\u011f\u0131t vs. Projedenizi Kullan\u0131m \u015eartlar\u0131","author":"Deniz Arsan","date":"15 A\u011fustos 2015","format":false,"excerpt":"","rel":"","context":"Benzer yaz\u0131","block_context":{"text":"Benzer yaz\u0131","link":""},"img":{"alt_text":"imzakvs","src":"https:\/\/i0.wp.com\/www.kagitvs.com\/projedenizi\/wp-content\/uploads\/2015\/08\/imzakvs.png?resize=350%2C200","width":350,"height":200},"classes":[]},{"id":6391,"url":"https:\/\/www.kagitvs.com\/projedenizi\/yeni_proje_ekle\/","url_meta":{"origin":7071,"position":5},"title":"Yeni Proje Ekle","author":"Deniz Arsan","date":"14 A\u011fustos 2015","format":false,"excerpt":"","rel":"","context":"Benzer yaz\u0131","block_context":{"text":"Benzer yaz\u0131","link":""},"img":{"alt_text":"","src":"https:\/\/i0.wp.com\/www.kagitvs.com\/projedenizi\/wp-content\/uploads\/2015\/08\/share.jpg?fit=566%2C416&ssl=1&resize=350%2C200","width":350,"height":200,"srcset":"https:\/\/i0.wp.com\/www.kagitvs.com\/projedenizi\/wp-content\/uploads\/2015\/08\/share.jpg?fit=566%2C416&ssl=1&resize=350%2C200 1x, https:\/\/i0.wp.com\/www.kagitvs.com\/projedenizi\/wp-content\/uploads\/2015\/08\/share.jpg?fit=566%2C416&ssl=1&resize=525%2C300 1.5x"},"classes":[]}],"_links":{"self":[{"href":"https:\/\/www.kagitvs.com\/projedenizi\/wp-json\/wp\/v2\/pages\/7071","targetHints":{"allow":["GET"]}}],"collection":[{"href":"https:\/\/www.kagitvs.com\/projedenizi\/wp-json\/wp\/v2\/pages"}],"about":[{"href":"https:\/\/www.kagitvs.com\/projedenizi\/wp-json\/wp\/v2\/types\/page"}],"author":[{"embeddable":true,"href":"https:\/\/www.kagitvs.com\/projedenizi\/wp-json\/wp\/v2\/users\/1"}],"replies":[{"embeddable":true,"href":"https:\/\/www.kagitvs.com\/projedenizi\/wp-json\/wp\/v2\/comments?post=7071"}],"version-history":[{"count":5,"href":"https:\/\/www.kagitvs.com\/projedenizi\/wp-json\/wp\/v2\/pages\/7071\/revisions"}],"predecessor-version":[{"id":7076,"href":"https:\/\/www.kagitvs.com\/projedenizi\/wp-json\/wp\/v2\/pages\/7071\/revisions\/7076"}],"wp:attachment":[{"href":"https:\/\/www.kagitvs.com\/projedenizi\/wp-json\/wp\/v2\/media?parent=7071"}],"curies":[{"name":"wp","href":"https:\/\/api.w.org\/{rel}","templated":true}]}}